is divided by 67?
5
What is the remainder when 81345 is divided by 16325?
16045
What is the remainder when 2919571 is divided by 1173?
1147
What is the remainder when 17205 is divided by 5703?
96
Calculate the remainder when 457281084 is divided by 239.
233
Calculate the remainder when 13808399 is divided by 1480.
1479
What is the remainder when 46823 is divided by 1750?
1323
What is the remainder when 31576781 is divided by 1857457?
12
Calculate the remainder when 393278 is divided by 30.
8
What is the remainder when 16324 is divided by 4258?
3550
Calculate the remainder when 2114423 is divided by 41459.
14
Calculate the remainder when 150202466 is divided by 50067486.
8
What is the remainder when 126402 is divided by 8424?
42
Calculate the remainder when 5572710 is divided by 1557.
207
Calculate the remainder when 48945 is divided by 281.
51
What is the remainder when 24875029 is divided by 7706?
61
Calculate the remainder when 163460 is divided by 162408.
1052
What is the remainder when 244393 is divided by 4735?
2908
Calculate the remainder when 177789 is divided by 177744.
45
What is the remainder when 10045157 is divided by 249?
248
What is the remainder when 860173 is divided by 384?
13
What is the remainder when 7644 is divided by 3666?
312
What is the remainder when 38816244 is divided by 191213?
5
What is the remainder when 1010236 is divided by 336707?
115
Calculate the remainder when 289225 is divided by 5925.
4825
Calculate the remainder when 200675 is divided by 100184.
307
What is the remainder when 1551845 is divided by 2475?
20
Calculate the remainder when 8704467 is divided by 391.
25
Calculate the remainder when 9430379 is divided by 5705.
14
Calculate the remainder when 2917750 is divided by 244.
242
Calculate the remainder when 145841 is divided by 8578.
15
What is the remainder when 38613 is divided by 6433?
15
Calculate the remainder when 41376100 is divided by 73.
65
What is the remainder when 7795982 is divided by 25?
7
Calculate the remainder when 9842 is divided by 9146.
696
Calculate the remainder when 6840267 is divided by 250.
17
Calculate the remainder when 1617447 is divided by 9190.
7
What is the remainder when 19347 is divided by 1628?
1439
What is the remainder when 37450147 is divided by 612?
31
Calculate the remainder when 77934 is divided by 12974.
90
What is the remainder when 484777 is divided by 217?
216
Calculate the remainder when 1750901 is divided by 291816.
5
Calculate the remainder when 308488360 is divided by 11534.
11530
Calculate the remainder when 1378658 is divided by 398.
384
Calculate the remainder when 12616 is divided by 2908.
984
Calculate the remainder when 119270 is divided by 5330.
2010
What is the remainder when 3132026 is divided by 3132018?
8
What is the remainder when 1141134 is divided by 1141094?
40
Calculate the remainder when 5849664 is divided by 1133.
1118
Calculate the remainder when 8645643 is divided by 1485.
1458
Calculate the remainder when 9617480 is divided by 3864.
3848
Calculate the remainder when 141435334 is divided by 23.
8
Calculate the remainder when 167501 is divided by 21.
5
What is the remainder when 7282552 is divided by 910319?
0
Calculate the remainder when 1243933 is divided by 46070.
43
What is the remainder when 100693897 is divided by 284?
277
What is the remainder when 11618222 is divided by 87?
68
What is the remainder when 9219 is divided by 3042?
93
What is the remainder when 1179521 is divided by 53614?
13
What is the remainder when 1278457711 is divided by 367?
366
Calculate the remainder when 5009371 is divided by 9765.
9691
What is the remainder when 13164684 is divided by 3291168?
12
What is the remainder when 57158092 is divided by 10744?
12
Calculate the remainder when 41904937 is divided by 181.
179
What is the remainder when 37971 is divided by 6251?
465
Calculate the remainder when 864582 is divided by 79.
6
Calculate the remainder when 53705967 is divided by 172.
171
What is the remainder when 6587693 is divided by 7394?
7033
What is the remainder when 365060 is divided by 915?
890
What is the remainder when 32184 is divided by 3555?
189
Calculate the remainder when 6884493 is divided by 694.
13
What is the remainder when 611569 is divided by 38223?
1
Calculate the remainder when 2886 is divided by 2866.
20
What is the remainder when 95032125 is divided by 103?
102
Calculate the remainder when 3791113 is divided by 28.
25
What is the remainder when 44986420 is divided by 25?
20
What is the remainder when 54124464 is divided by 1826?
1824
Calculate the remainder when 9809708 is divided by 305.
298
What is the remainder when 2757477 is divided by 24?
21
Calculate the remainder when 220677335 is divided by 18.
17
Calculate the remainder when 7499618 is divided by 105.
98
Calculate the remainder when 2335 is divided by 353.
217
Calculate the remainder when 24099646 is divided by 4.
2
What is the remainder when 43281920 is divided by 1047?
1034
Calculate the remainder when 2859515 is divided by 953134.
113
What is the remainder when 45307 is divided by 8674?
1937
Calculate the remainder when 862804 is divided by 3256.
3220
Calculate the remainder when 253123 is divided by 42104.
499
What is the remainder when 131805 is divided by 131622?
183
What is the remainder when 4303870 is divided by 194?
174
Calculate the remainder when 2930986 is divided by 11273.
6
Calculate the remainder when 1719719 is divided by 859842.
35
Calculate the remainder when 98653 is divided by 967.
19
What is the remainder when 134815206 is divided by 22350?
6
What is the remainder when 2114295 is divided by 93?
33
What is the remainder when 27607282 is divided by 3067470?
52
What is the remainder when 385590 is divided by 166?
138
What is the remainder when 131856 is divided by 131739?
117
What is the remainder when 9726504 is divided by 443?
439
Calculate the remainder when 783820 is divided by 391427.
966
Calculate the remainder when 4900147 is divided by 1633376.
19
What is the remainder when 685438 is divided by 20639?
4351
Calculate the remainder when 3936 is divided by 122.
32
What is the remainder when 67363022 is divided by 45608?
6
Calculate the remainder when 15624498 is divided by 232.
226
Calculate the remainder when 3134199826 is divided by 12.
10
Calculate the remainder when 271929 is divided by 31.
28
What is the remainder when 2959710 is divided by 2959632?
78
Calculate the remainder when 8698574 is divided by 1739710.
24
Calculate the remainder when 94514 is divided by 1455.
1394
Calculate the remainder when 150594 is divided by 1416.
498
Calculate the remainder when 2691392 is divided by 11261.
13
What is the remainder when 426722 is divided by 1831?
99
Calculate the remainder when 53732296 is divided by 124.
120
What is the remainder when 824682 is divided by 164922?
72
What is the remainder when 489053 is divided by 10185?
173
Calculate the remainder when 5814516 is divided by 84264.
300
What is the remainder when 144436063 is divided by 186?
181
What is the remainder when 1440543 is divided by 34296?
111
Calculate the remainder when 78107 is divided by 251.
46
What is the remainder when 2856187 is divided by 31?
2
What is the remainder when 53736 is divided by 3334?
392
Calculate the remainder when 1759274 is divided by 63.
62
Calculate the remainder when 55405 is divided by 781.
735
Calculate the remainder when 8990320 is divided by 1798055.
45
Calculate the remainder when 824458 is divided by 1499.
8
What is the remainder when 24677867 is divided by 30?
17
Calculate the remainder when 6927985 is divided by 369.
10
Calculate the remainder when 199100894 is divided by 404.
402
What is the remainder when 2400771 is divided by 5219?
31
Calculate the remainder when 2035637 is divided by 178.
29
What is the remainder when 527837 is divided by 37697?
79
Calculate the remainder when 2635375 is divided by 90874.
29
What is the remainder when 4736481 is divided by 3?
0
Calculate the remainder when 4812930 is divided by 46.
42
Calculate the remainder when 23197569 is divided by 11598783.
3
Calculate the remainder when 2763759 is divided by 202.
197
Calculate the remainder when 4498466 is divided by 11505.
11
Calculate the remainder when 4328773 is div